s q(z)?
2
Let r = 145 + -140. Suppose 10 = 2*i + 3*i. Let z(d) = d**i - 7*d + 2*d + 1 + d - 7. Determine z(r).
-1
Suppose -1828 = -151*p - 62*p + 302. Let g(z) = 17*z - 170. What is g(p)?
0
Let r(x) = -520*x - 514*x + 1031*x - 1 + x**2. Suppose 9 + 3 = 4*q. Calculate r(q).
-1
Let h(i) = i**2 - i - 25. Suppose -103*v + 2200 = -303*v. What is h(v)?
107
Suppose 5*r + 2*u - 351 = -347, -4*r = 2*u - 2. Let g(t) = 24*t - 7. Give g(r).
41
Suppose 123*q = 122*q - 3*d - 8, 0 = 5*q + 2*d + 1. Let o(k) = -7*k**2 - 2*k + 1 - 12*k**2 + 13*k**2. Give o(q).
-7
Let s be ((-8)/4 - 0)/(-2)*-3. Let o(n) = 3*n**2 + 7*n - 10. Let i(g) = g**2 + 3*g - 4. Let j(r) = s*o(r) + 7*i(r). Give j(-4).
-30
Let j(i) be the third derivative of 3*i**4/8 - i**3/3 + 279*i**2 - i. Give j(-1).
-11
Let k(f) = 0*f - 16*f + 0 + 7. Let g(s) = -4*s**3 - 87*s**2 + 13*s - 193. Let t be g(-22). Let j(m) = -8*m + 4. Let o(p) = t*j(p) - 2*k(p). What is o(4)?
-26
Let f be (-21)/2 + 30/(-20). Let n be (f/(-16))/((-30)/200). Let a(i) = i**3 + 5*i**2 + 2*i + 4. Give a(n).
-6
Suppose 0 = -3*f - 11 - 1. Let z(g) = g + 11. Let l(m) = 35*m + 2 + 39*m - 75*m. Let d(b) = 4*l(b) - z(b). Give d(f).
17
Let x(b) be the first derivative of 3*b**2/2 + 2*b + 5. Let r(l) = l**3 - 16*l**2 + 18*l - 15. Let n be r(15). Suppose 0 = 7*g - n + 16. Calculate x(g).
8
Let q = 6459 + -6468. Let z(n) = -4*n + 11. What is z(q)?
47
Let a(x) = -7*x - 1. Suppose 12*d - 44 = 4. Let h = -13 - -14. Let s be (h/3)/(d/12). Give a(s).
-8
Let n(r) be the first derivative of 1/3*r**3 - r**2 + 4*r + 2. Let a(l) = l**3 - 51*l**2 - 2*l + 104. Let z be a(51). Give n(z).
4
Let k(x) = 17*x + 26. Let i = -9369 - -9365. Give k(i).
-42
Let m(c) = -643 + 36*c - c**2 + 614 - 8*c**2 + c**3 + 0*c**2 - 9*c**2. Determine m(16).
35
Let s(f) = -47419 - 47436 + 2*f + 94908. What is s(-21)?
11
Let w(q) = 9*q**2 - 299*q + 2175. Let l(u) = -u**2 + 38*u - 272. Let k(f) = 17*l(f) + 2*w(f). Calculate k(-53).
-9
Let a(s) = s**2 - s - 12. Let t be 3 + 48/9 + (-4)/12. Suppose -5*b + 2*b = d - 14, 2*d - t = -2*b. Determine a(b).
8
Let w(b) = b**3 + 10*b**2 + 12*b - 8. Let z be w(-9). Suppose -5*h + 31 = -174. Let i = z + h. Let d(s) = s**3 - 6*s**2 - s + 7. What is d(i)?
1
Let p(g) be the second derivative of -5*g**3/2 - 5*g**2/2 - 260*g - 2. Determine p(-4).
55
Let a = 433 + -277. Suppose -3*s - y = -2*y - a, 54 = s - y. Let g = -49 + s. Let r(i) = 2*i**2 - 2. Determine r(g).
6
Let g(m) = -6*m + 3*m + 15*m - 3*m - 20 - 7*m. What is g(-6)?
-32
Let a(g) be the third derivative of -g**5/60 + 5*g**4/24 + g**3 + 7*g**2. Suppose 0 = -37*p + 56*p - 114. Calculate a(p).
0
Let s(t) = -3*t - 1. Let d(q) = -20*q - 4. Let n = -320 - -321. Let b(p) = n*d(p) - 8*s(p). Determine b(-3).
-8
Let h(v) = -v**3 + 12*v**2 + 27*v + 4. Let i be h(14). Let z be (-2)/(-2) + (-11 - (i - -4)). Let n(u) = -4 + 3*u - u**2 + 5 + 1 + 1. Calculate n(z).
-25
Let g = -5 - -2. Let z = g + -3. Let s(p) be the second derivative of p**3/6 + 6*p**2 + 180*p. What is s(z)?
6
Let w be ((-9)/(-2))/((-378)/(-84)*2/6). Let k(t) = t + 42. Calculate k(w).
45
Let w(h) = h**3 - 26*h**2 - 4*h + 89. Let t be w(26). Let q be (t/(-12))/(-4 - 75/(-20)). Let c(s) = -s**3 - 5*s**2 + s. What is c(q)?
-5
Let v be 6/(-9) - (-23)/3. Let r(w) be the third derivative of -1/60*w**5 + 0*w + 3/8*w**4 - 28 - 1/6*w**3 - w**2. Calculate r(v).
13
Let h(x) be the first derivative of -27*x**2/2 + 20*x + 11333. Determine h(-2).
74
Let v(g) = -g**2 + 4*g + 10. Let n = 408 + -403. Suppose 3*h - h - 3*m = n, 0 = -5*h + 2*m + 29. Determine v(h).
-11
Let c(x) be the second derivative of x**4/12 + 2*x**3/3 - 3*x**2 - 13*x. Let v(o) be the first derivative of c(o). Let f = 50 + -44. Give v(f).
16
Let g(w) be the second derivative of w**3/6 - 9*w**2/2 + 2*w - 21. Let s(j) = -j**2 - 20*j + 13. Let p be s(-21). Let c = -1 - p. What is g(c)?
-2
Let v(r) = -16 - 16 - 7 + 3*r**2 + 5*r**3 - 4*r + 20 + 21. What is v(1)?
6
Suppose -3*c = 2*r - 44, 4*c + 3*r - 35 - 22 = 0. Let v(f) = 17*f**2 + 1 + 16*f**2 - 2*f - 50*f**2 + c*f**2. What is v(1)?
0
Let u(o) be the second derivative of -5*o**3/6 - 133*o**2/2 + 2871*o. Calculate u(-30).
17
Suppose -11 + 62 + 49 = -100*t. Let l(j) = -4*j - 1. Let y be l(-1). Let n(m) = m + 6*m**3 + m**2 + 0*m**y + 0*m. Give n(t).
-6
Let f be (-4)/((-32)/56) + (0 - 2). Suppose 0 = f*l - p - 20, -16 = -4*l + 7*l + 5*p. Let i(u) = -2*u**3 + 4*u**2 + 4. Calculate i(l).
-14
Let v = -666 + 645. Let o be -1 + 3/(6/(-28)). Let s = o - v. Let g(f) = -f**3 + 5*f**2 + 5*f + 5. Give g(s).
-1
Let s(w) be the first derivative of -3*w**4/4 + w**3/3 + w**2/2 + w - 2. Let r(o) = 2*o**2 + 14*o - 31. Let n be r(9). Let a = -258 + n. Calculate s(a).
4
Let d(j) = -3*j + 11 + 3*j + j - 9 + 5. What is d(14)?
21
Let c = -4 - -6. Let k(b) = -51 + 11 + 17 - 8*b + 7 + 15. What is k(c)?
-17
Let y(z) = 3*z - 19*z**2 + 17*z**2 + 2*z + 3*z - 5. Suppose -18*t = -17*t - 5. Calculate y(t).
-15
Suppose 2*y + 6*y - 24 = 0. Let q = y + 3. Let t(u) = -q*u**2 + u + 2 + u**2 + 3 + 11*u**2 + u**3. Give t(-6).
-1
Let p(l) = l**3 - 4*l**2 + 2*l + 2. Let u be 10/85 + 3816/(-68). Let d = -53 - u. Calculate p(d).
-1
Suppose -2*o + 6*w = 2*w + 4, -4 = w. Let h(f) = -3*f - 7. Let g be h(-24). Let u be ((-13)/g)/(2/o). Let p(i) = -3*i**3 + i - 1. What is p(u)?
-3
Let t = -235 - -237. Let d(j) = -j**3 - 7*j**2 + 15*j - 4. What is d(t)?
-10
Let x(n) be the first derivative of -n**4/4 + 5*n**3/3 + 3*n**2 - 8*n + 113. Suppose 0 = -11*u + 10*u + 6. Give x(u).
-8
Let t(a) = 7*a + 3. Let o = -321 - -350. Suppose -4*x = -4*y + 36, -x + 4*y = o - 5. Give t(x).
-25
Let z(q) be the second derivative of q**4/6 - 3*q**3/2 + 4*q**2 + 2566*q. Determine z(6).
26
Let y(i) be the third derivative of i**6/120 + i**4/12 + 3007*i**2. Calculate y(0).
0
Let q(s) = -66*s + 13*s + 33*s - 87 + 15*s + 12*s. Calculate q(13).
4
Let o = -16225 - -16222. Let p(u) = 2*u - 3. Let s(f) be the third derivative of -f**4/8 + f**3/2 + f**2. Let d(b) = -5*p(b) - 4*s(b). Determine d(o).
-3
Let q = 5895 - 3459. Let s(c) = 8*c**2 - 7*c + q - 7*c**2 - 2444. Give s(7).
-8
Let h(u) = -4*u**2 + 6*u + 2. Let r = 7999 - 7997. Determine h(r).
-2
Let o(p) = -27*p + 3. Suppose -f - 4 = -3*k, -5*f - 8 = -2*k - 1. Determine o(f).
30
Let y = 69 + -74. Let c(m) = -m**2 + m - 1. Let a(u) = -4*u**2 - 2*u - 11. Let d(z) = y*c(z) + a(z). What is d(7)?
-6
Let j(t) = 2901 - 943 - 5*t - 941 - 948. Give j(15).
-6
Let p(i) = 73*i**2 - 72*i**2 + i - 7 + 0*i + 2*i + 0*i. Determine p(2).
3
Let d be (-6)/10 - 104/(-40). Let y(n) = -20*n**2 + 8 + 12*n**2 - 7*n + 0*n**2 - n**3 + n**d. Let i = 15 + -21. Calculate y(i).
14
Let f(b) = 1235*b**2 - b - 624*b**2 - 5 - 610*b**2. What is f(2)?
-3
Let c(n) = n**3 + 73*n**2 - 381*n + 707. Let z be c(-78). Let l(i) = 34*i - 154. Calculate l(z).
16
Let k(w) = -7*w + 55. Let q(m) = -3*m**3 - 18*m**2 + 8*m + 56. Let h be q(-6). What is k(h)?
-1
Let k(p) = -p**3 - 7*p**2 - 3*p - 7. Let z = 562 - 558. Let q(y) = -y**3 - 7*y**2 - 3*y - 6. Let o(s) = z*q(s) - 3*k(s). Determine o(-6).
-21
Suppose -24 = -2*q - 4*a, 0*a + 4*a + 12 = 4*q. Let h(c) = q*c - 13*c + 6*c + 1 - 12*c**2 - c**2. Suppose 0 = 4*m + 3*n - n - 2, -4*n = 5*m - 1. Give h(m).
-13
Let r(l) = 0 - 2*l**2 - 194*l**3 + 4*l**2 + 4 - l - 5*l**2 + 203*l**3. Determine r(2).
62
Let k(l) = -3*l**2 + 3*l. Suppose 0 = 4*h - 1964 + 792. Let q = 295 - h. Determine k(q).
-6
Suppose 0 = -11*q + 23*q - 111 - 21. Let v(l) = l**2 - 16*l + 49. Determine v(q).
-6
Let r(x) = 6*x**2 - 5 - 3*x - 8*x**2 + 8*x**2 - x**3. Let b = 208 + -66. Suppose -147 = -j - b. Calculate r(j).
5
Let c(u) = 7*u + 26. Let h be c(15). Let x(g) = -2*g + 3*g + 123 - h. Let m(i) = -i**3 - i**2 + 2*i. Let y be m(-2). Determine x(y).
-8
Let x(m) = -10*m + 2. Let c(f) = -100*f + 16. Let l(g) = -3*c(g) + 26*x(g). What is l(1)?
44
Suppose -292*h + 163*h - 864 = -33*h. Let v(w) = -5 + 0 + 2 - w. Give v(h).
6
Let z(q) = -q**2 - 4*q - 1. Suppose 2*h - 14 = l + 6*h, 12 = 4*l - h. Let u(f) = -4*f**2 - 20*f - f**l + 8 - 12. Let y(s) = -2*u(s) + 11*z(s). Give y(-4).
-3
Let s(d) be the third derivative of 13*d**4/24 + 27*d**3/2 - 354*d**2 + d - 1. Determine s(-5).
16
Let z(o) = 39*o**2 + 17*o - 50. Let j(m) = 34*m**2 + 17*m - 50. Let b(p) = 8*j(p) - 7*z(p). Give b(12).
10
Let f(t) = -3*t - 16.